{"id":822,"date":"2021-11-11T12:29:39","date_gmt":"2021-11-11T11:29:39","guid":{"rendered":"http:\/\/neoclasicdanza.com\/?page_id=822"},"modified":"2026-01-11T14:17:27","modified_gmt":"2026-01-11T13:17:27","slug":"iniciacion-al-jazz-2","status":"publish","type":"page","link":"https:\/\/neoclasicdanza.com\/index.php\/iniciacion-al-jazz-2\/","title":{"rendered":"MODERN JAZZ"},"content":{"rendered":"<div class=\"gb-container gb-container-c633d120\"><div class=\"gb-inside-container\">\n\n<p class=\"has-black-color has-text-color\">En las clases de <strong>modern Jazz<\/strong> de Neoclasic Escuela de Danza se trabaja especialmente la coordinaci\u00f3n y la interpretaci\u00f3n. Es un estilo de baile muy divertido que conecta muy bien con grandes y peque\u00f1os gracias a la m\u00fasica que se utiliza. Es un estilo de baile actual y sus variantes modern y l\u00edrico son especialmente atractivos para los m\u00e1s peque\u00f1os.<\/p>\n\n\n\n<p class=\"has-black-color has-text-color\">Esta modalidad parte de las t\u00e9cnicas del Ballet Cl\u00e1sico y del Contempor\u00e1neo pero con complementos de estilos de <strong>libre expresi\u00f3n<\/strong> y <strong>est\u00e9tica corporal<\/strong> e implementada a m\u00fasica comercial.<\/p>\n\n<\/div><\/div>\n\n<div class=\"gb-container gb-container-2a75ad91 alignfull\"><div class=\"gb-inside-container\">\n\n<p class=\"has-black-color has-text-color\"><strong>Profesora: M\u00aa Cruz Guerrero<\/strong><\/p>\n\n\n\n<p class=\"has-black-color has-text-color\">Con una amplia experiencia como bailarina en musicales, televisi\u00f3n y eventos. Profesora de la escuela de Teatro Musical<strong> <em>Memory<\/em> <\/strong>y desde 1992 profesora de <strong><em>Neoclasic Danza.<\/em><\/strong><\/p>\n\n<\/div><\/div>\n\n\n<figure class=\"wp-block-image alignfull size-large\"><img fetchpriority=\"high\" decoding=\"async\" width=\"1024\" height=\"683\" src=\"https:\/\/neoclasicdanza.com\/wp-content\/uploads\/2026\/01\/250629_NEOCLASIC25_3052-1024x683.jpg\" alt=\"\" class=\"wp-image-1504\" srcset=\"https:\/\/neoclasicdanza.com\/wp-content\/uploads\/2026\/01\/250629_NEOCLASIC25_3052-1024x683.jpg 1024w, https:\/\/neoclasicdanza.com\/wp-content\/uploads\/2026\/01\/250629_NEOCLASIC25_3052-300x200.jpg 300w, https:\/\/neoclasicdanza.com\/wp-content\/uploads\/2026\/01\/250629_NEOCLASIC25_3052-768x512.jpg 768w, https:\/\/neoclasicdanza.com\/wp-content\/uploads\/2026\/01\/250629_NEOCLASIC25_3052-1536x1024.jpg 1536w, https:\/\/neoclasicdanza.com\/wp-content\/uploads\/2026\/01\/250629_NEOCLASIC25_3052.jpg 1600w\" sizes=\"(max-width: 1024px) 100vw, 1024px\" \/><\/figure>\n","protected":false},"excerpt":{"rendered":"<p>En las clases de modern Jazz de Neoclasic Escuela de Danza se trabaja especialmente la coordinaci\u00f3n y la interpretaci\u00f3n. Es un estilo de baile muy divertido que conecta muy bien con grandes y peque\u00f1os gracias a la m\u00fasica que se utiliza. Es un estilo de baile actual y sus variantes modern y l\u00edrico son especialmente &#8230; <\/p>\n<p class=\"read-more-container\"><a title=\"MODERN JAZZ\" class=\"read-more button\" href=\"https:\/\/neoclasicdanza.com\/index.php\/iniciacion-al-jazz-2\/#more-822\">Leer m\u00e1s<span class=\"screen-reader-text\">MODERN JAZZ<\/span><\/a><\/p>\n","protected":false},"author":1,"featured_media":0,"parent":0,"menu_order":0,"comment_status":"closed","ping_status":"closed","template":"","meta":{"footnotes":""},"class_list":["post-822","page","type-page","status-publish"],"yoast_head":"<!-- This site is optimized with the Yoast SEO plugin v27.5 - https:\/\/yoast.com\/product\/yoast-seo-wordpress\/ -->\n<title>MODERN JAZZ - NEOCLASIC DANZA<\/title>\n<meta name=\"robots\" content=\"index, follow, max-snippet:-1, max-image-preview:large, max-video-preview:-1\" \/>\n<link rel=\"canonical\" href=\"https:\/\/neoclasicdanza.com\/index.php\/iniciacion-al-jazz-2\/\" \/>\n<meta property=\"og:locale\" content=\"es_ES\" \/>\n<meta property=\"og:type\" content=\"article\" \/>\n<meta property=\"og:title\" content=\"MODERN JAZZ - NEOCLASIC DANZA\" \/>\n<meta property=\"og:description\" content=\"En las clases de modern Jazz de Neoclasic Escuela de Danza se trabaja especialmente la coordinaci\u00f3n y la interpretaci\u00f3n. Es un estilo de baile muy divertido que conecta muy bien con grandes y peque\u00f1os gracias a la m\u00fasica que se utiliza. Es un estilo de baile actual y sus variantes modern y l\u00edrico son especialmente ... Leer m\u00e1sMODERN JAZZ\" \/>\n<meta property=\"og:url\" content=\"https:\/\/neoclasicdanza.com\/index.php\/iniciacion-al-jazz-2\/\" \/>\n<meta property=\"og:site_name\" content=\"NEOCLASIC DANZA\" \/>\n<meta property=\"article:modified_time\" content=\"2026-01-11T13:17:27+00:00\" \/>\n<meta property=\"og:image\" content=\"https:\/\/neoclasicdanza.com\/wp-content\/uploads\/2026\/01\/250629_NEOCLASIC25_3052-1024x683.jpg\" \/>\n<meta name=\"twitter:card\" content=\"summary_large_image\" \/>\n<meta name=\"twitter:label1\" content=\"Tiempo de lectura\" \/>\n\t<meta name=\"twitter:data1\" content=\"1 minuto\" \/>\n<script type=\"application\/ld+json\" class=\"yoast-schema-graph\">{\"@context\":\"https:\\\/\\\/schema.org\",\"@graph\":[{\"@type\":\"WebPage\",\"@id\":\"https:\\\/\\\/neoclasicdanza.com\\\/index.php\\\/iniciacion-al-jazz-2\\\/\",\"url\":\"https:\\\/\\\/neoclasicdanza.com\\\/index.php\\\/iniciacion-al-jazz-2\\\/\",\"name\":\"MODERN JAZZ - NEOCLASIC DANZA\",\"isPartOf\":{\"@id\":\"https:\\\/\\\/neoclasicdanza.com\\\/#website\"},\"primaryImageOfPage\":{\"@id\":\"https:\\\/\\\/neoclasicdanza.com\\\/index.php\\\/iniciacion-al-jazz-2\\\/#primaryimage\"},\"image\":{\"@id\":\"https:\\\/\\\/neoclasicdanza.com\\\/index.php\\\/iniciacion-al-jazz-2\\\/#primaryimage\"},\"thumbnailUrl\":\"https:\\\/\\\/neoclasicdanza.com\\\/wp-content\\\/uploads\\\/2026\\\/01\\\/250629_NEOCLASIC25_3052-1024x683.jpg\",\"datePublished\":\"2021-11-11T11:29:39+00:00\",\"dateModified\":\"2026-01-11T13:17:27+00:00\",\"breadcrumb\":{\"@id\":\"https:\\\/\\\/neoclasicdanza.com\\\/index.php\\\/iniciacion-al-jazz-2\\\/#breadcrumb\"},\"inLanguage\":\"es\",\"potentialAction\":[{\"@type\":\"ReadAction\",\"target\":[\"https:\\\/\\\/neoclasicdanza.com\\\/index.php\\\/iniciacion-al-jazz-2\\\/\"]}]},{\"@type\":\"ImageObject\",\"inLanguage\":\"es\",\"@id\":\"https:\\\/\\\/neoclasicdanza.com\\\/index.php\\\/iniciacion-al-jazz-2\\\/#primaryimage\",\"url\":\"https:\\\/\\\/neoclasicdanza.com\\\/wp-content\\\/uploads\\\/2026\\\/01\\\/250629_NEOCLASIC25_3052.jpg\",\"contentUrl\":\"https:\\\/\\\/neoclasicdanza.com\\\/wp-content\\\/uploads\\\/2026\\\/01\\\/250629_NEOCLASIC25_3052.jpg\",\"width\":1600,\"height\":1067},{\"@type\":\"BreadcrumbList\",\"@id\":\"https:\\\/\\\/neoclasicdanza.com\\\/index.php\\\/iniciacion-al-jazz-2\\\/#breadcrumb\",\"itemListElement\":[{\"@type\":\"ListItem\",\"position\":1,\"name\":\"Portada\",\"item\":\"https:\\\/\\\/neoclasicdanza.com\\\/\"},{\"@type\":\"ListItem\",\"position\":2,\"name\":\"MODERN JAZZ\"}]},{\"@type\":\"WebSite\",\"@id\":\"https:\\\/\\\/neoclasicdanza.com\\\/#website\",\"url\":\"https:\\\/\\\/neoclasicdanza.com\\\/\",\"name\":\"NEOCLASIC DANZA\",\"description\":\"Desde 1992\",\"publisher\":{\"@id\":\"https:\\\/\\\/neoclasicdanza.com\\\/#organization\"},\"potentialAction\":[{\"@type\":\"SearchAction\",\"target\":{\"@type\":\"EntryPoint\",\"urlTemplate\":\"https:\\\/\\\/neoclasicdanza.com\\\/?s={search_term_string}\"},\"query-input\":{\"@type\":\"PropertyValueSpecification\",\"valueRequired\":true,\"valueName\":\"search_term_string\"}}],\"inLanguage\":\"es\"},{\"@type\":\"Organization\",\"@id\":\"https:\\\/\\\/neoclasicdanza.com\\\/#organization\",\"name\":\"NEOCLASIC DANZA\",\"url\":\"https:\\\/\\\/neoclasicdanza.com\\\/\",\"logo\":{\"@type\":\"ImageObject\",\"inLanguage\":\"es\",\"@id\":\"https:\\\/\\\/neoclasicdanza.com\\\/#\\\/schema\\\/logo\\\/image\\\/\",\"url\":\"https:\\\/\\\/neoclasicdanza.com\\\/wp-content\\\/uploads\\\/2021\\\/07\\\/cropped-neoclasic_2021_1-scaled-1.jpg\",\"contentUrl\":\"https:\\\/\\\/neoclasicdanza.com\\\/wp-content\\\/uploads\\\/2021\\\/07\\\/cropped-neoclasic_2021_1-scaled-1.jpg\",\"width\":1803,\"height\":2041,\"caption\":\"NEOCLASIC DANZA\"},\"image\":{\"@id\":\"https:\\\/\\\/neoclasicdanza.com\\\/#\\\/schema\\\/logo\\\/image\\\/\"}}]}<\/script>\n<!-- \/ Yoast SEO plugin. -->","yoast_head_json":{"title":"MODERN JAZZ - NEOCLASIC DANZA","robots":{"index":"index","follow":"follow","max-snippet":"max-snippet:-1","max-image-preview":"max-image-preview:large","max-video-preview":"max-video-preview:-1"},"canonical":"https:\/\/neoclasicdanza.com\/index.php\/iniciacion-al-jazz-2\/","og_locale":"es_ES","og_type":"article","og_title":"MODERN JAZZ - NEOCLASIC DANZA","og_description":"En las clases de modern Jazz de Neoclasic Escuela de Danza se trabaja especialmente la coordinaci\u00f3n y la interpretaci\u00f3n. Es un estilo de baile muy divertido que conecta muy bien con grandes y peque\u00f1os gracias a la m\u00fasica que se utiliza. Es un estilo de baile actual y sus variantes modern y l\u00edrico son especialmente ... Leer m\u00e1sMODERN JAZZ","og_url":"https:\/\/neoclasicdanza.com\/index.php\/iniciacion-al-jazz-2\/","og_site_name":"NEOCLASIC DANZA","article_modified_time":"2026-01-11T13:17:27+00:00","og_image":[{"url":"https:\/\/neoclasicdanza.com\/wp-content\/uploads\/2026\/01\/250629_NEOCLASIC25_3052-1024x683.jpg","type":"","width":"","height":""}],"twitter_card":"summary_large_image","twitter_misc":{"Tiempo de lectura":"1 minuto"},"schema":{"@context":"https:\/\/schema.org","@graph":[{"@type":"WebPage","@id":"https:\/\/neoclasicdanza.com\/index.php\/iniciacion-al-jazz-2\/","url":"https:\/\/neoclasicdanza.com\/index.php\/iniciacion-al-jazz-2\/","name":"MODERN JAZZ - NEOCLASIC DANZA","isPartOf":{"@id":"https:\/\/neoclasicdanza.com\/#website"},"primaryImageOfPage":{"@id":"https:\/\/neoclasicdanza.com\/index.php\/iniciacion-al-jazz-2\/#primaryimage"},"image":{"@id":"https:\/\/neoclasicdanza.com\/index.php\/iniciacion-al-jazz-2\/#primaryimage"},"thumbnailUrl":"https:\/\/neoclasicdanza.com\/wp-content\/uploads\/2026\/01\/250629_NEOCLASIC25_3052-1024x683.jpg","datePublished":"2021-11-11T11:29:39+00:00","dateModified":"2026-01-11T13:17:27+00:00","breadcrumb":{"@id":"https:\/\/neoclasicdanza.com\/index.php\/iniciacion-al-jazz-2\/#breadcrumb"},"inLanguage":"es","potentialAction":[{"@type":"ReadAction","target":["https:\/\/neoclasicdanza.com\/index.php\/iniciacion-al-jazz-2\/"]}]},{"@type":"ImageObject","inLanguage":"es","@id":"https:\/\/neoclasicdanza.com\/index.php\/iniciacion-al-jazz-2\/#primaryimage","url":"https:\/\/neoclasicdanza.com\/wp-content\/uploads\/2026\/01\/250629_NEOCLASIC25_3052.jpg","contentUrl":"https:\/\/neoclasicdanza.com\/wp-content\/uploads\/2026\/01\/250629_NEOCLASIC25_3052.jpg","width":1600,"height":1067},{"@type":"BreadcrumbList","@id":"https:\/\/neoclasicdanza.com\/index.php\/iniciacion-al-jazz-2\/#breadcrumb","itemListElement":[{"@type":"ListItem","position":1,"name":"Portada","item":"https:\/\/neoclasicdanza.com\/"},{"@type":"ListItem","position":2,"name":"MODERN JAZZ"}]},{"@type":"WebSite","@id":"https:\/\/neoclasicdanza.com\/#website","url":"https:\/\/neoclasicdanza.com\/","name":"NEOCLASIC DANZA","description":"Desde 1992","publisher":{"@id":"https:\/\/neoclasicdanza.com\/#organization"},"potentialAction":[{"@type":"SearchAction","target":{"@type":"EntryPoint","urlTemplate":"https:\/\/neoclasicdanza.com\/?s={search_term_string}"},"query-input":{"@type":"PropertyValueSpecification","valueRequired":true,"valueName":"search_term_string"}}],"inLanguage":"es"},{"@type":"Organization","@id":"https:\/\/neoclasicdanza.com\/#organization","name":"NEOCLASIC DANZA","url":"https:\/\/neoclasicdanza.com\/","logo":{"@type":"ImageObject","inLanguage":"es","@id":"https:\/\/neoclasicdanza.com\/#\/schema\/logo\/image\/","url":"https:\/\/neoclasicdanza.com\/wp-content\/uploads\/2021\/07\/cropped-neoclasic_2021_1-scaled-1.jpg","contentUrl":"https:\/\/neoclasicdanza.com\/wp-content\/uploads\/2021\/07\/cropped-neoclasic_2021_1-scaled-1.jpg","width":1803,"height":2041,"caption":"NEOCLASIC DANZA"},"image":{"@id":"https:\/\/neoclasicdanza.com\/#\/schema\/logo\/image\/"}}]}},"_links":{"self":[{"href":"https:\/\/neoclasicdanza.com\/index.php\/wp-json\/wp\/v2\/pages\/822","targetHints":{"allow":["GET"]}}],"collection":[{"href":"https:\/\/neoclasicdanza.com\/index.php\/wp-json\/wp\/v2\/pages"}],"about":[{"href":"https:\/\/neoclasicdanza.com\/index.php\/wp-json\/wp\/v2\/types\/page"}],"author":[{"embeddable":true,"href":"https:\/\/neoclasicdanza.com\/index.php\/wp-json\/wp\/v2\/users\/1"}],"replies":[{"embeddable":true,"href":"https:\/\/neoclasicdanza.com\/index.php\/wp-json\/wp\/v2\/comments?post=822"}],"version-history":[{"count":7,"href":"https:\/\/neoclasicdanza.com\/index.php\/wp-json\/wp\/v2\/pages\/822\/revisions"}],"predecessor-version":[{"id":1505,"href":"https:\/\/neoclasicdanza.com\/index.php\/wp-json\/wp\/v2\/pages\/822\/revisions\/1505"}],"wp:attachment":[{"href":"https:\/\/neoclasicdanza.com\/index.php\/wp-json\/wp\/v2\/media?parent=822"}],"curies":[{"name":"wp","href":"https:\/\/api.w.org\/{rel}","templated":true}]}}