{"id":443,"date":"2021-05-14T13:50:20","date_gmt":"2021-05-14T11:50:20","guid":{"rendered":"http:\/\/neoclasicdanza.com\/?page_id=443"},"modified":"2022-07-14T21:37:17","modified_gmt":"2022-07-14T19:37:17","slug":"iniciacion-a-la-danza","status":"publish","type":"page","link":"http:\/\/neoclasicdanza.com\/index.php\/iniciacion-a-la-danza\/","title":{"rendered":"INICIACI\u00d3N A LA DANZA"},"content":{"rendered":"\n<p class=\"has-black-color has-text-color\">El objetivo de estas clases se centra en <strong>despertar el lenguaje del cuerpo <\/strong>en los m\u00e1s peque\u00f1os.<\/p>\n\n\n\n<p><mark style=\"background-color:rgba(0, 0, 0, 0)\" class=\"has-inline-color has-black-color\">El baile es una reacci\u00f3n innata en los ni\u00f1os y es una actividad que debemos fomentar porque es muy beneficiosa tanto desde el punto de vista f\u00edsico como ps\u00edquico.<\/mark> <\/p>\n\n\n\n<p><mark style=\"background-color:rgba(0, 0, 0, 0)\" class=\"has-inline-color has-black-color\"><strong>El baile es aprendizaje.<\/strong><\/mark><\/p>\n\n\n\n<p class=\"has-black-color has-text-color\">La danza promueve la salud psicol\u00f3gica, fomenta la creatividad, ayuda a mejorar la coordinaci\u00f3n, desarrolla la memoria y la autoestima en los ni\u00f1os. Tambi\u00e9n ayuda a canalizar las emociones y a expresar sentimientos a trav\u00e9s del movimiento.<\/p>\n\n\n<div class=\"gb-container gb-container-9628eed9 alignfull\"><div class=\"gb-inside-container\">\n\n<p><mark style=\"background-color:rgba(0, 0, 0, 0)\" class=\"has-inline-color has-black-color\"><strong>Las clases de iniciaci\u00f3n a la danza se ofrecen en 2 niveles<\/strong><\/mark><\/p>\n\n\n\n<ul class=\"wp-block-list\"><li><mark style=\"background-color:rgba(0, 0, 0, 0)\" class=\"has-inline-color has-black-color\"><strong>Iniciaci\u00f3n a la Danza I<\/strong>, de 3 a 5 a\u00f1os.<\/mark><\/li><li><mark style=\"background-color:rgba(0, 0, 0, 0)\" class=\"has-inline-color has-black-color\"><strong>Iniciaci\u00f3n a la Danza II<\/strong>, De 5 a 7 a\u00f1os.<\/mark><\/li><\/ul>\n\n<\/div><\/div>\n\n<div class=\"gb-container gb-container-23415450 alignfull\"><div class=\"gb-inside-container\">\n\n<figure class=\"wp-block-image alignfull size-large\"><img fetchpriority=\"high\" decoding=\"async\" width=\"1166\" height=\"728\" src=\"http:\/\/neoclasicdanza.com\/wp-content\/uploads\/2021\/05\/IMG_6007-1-edited.jpg\" alt=\"\" class=\"wp-image-616\" srcset=\"http:\/\/neoclasicdanza.com\/wp-content\/uploads\/2021\/05\/IMG_6007-1-edited.jpg 1166w, http:\/\/neoclasicdanza.com\/wp-content\/uploads\/2021\/05\/IMG_6007-1-edited-300x187.jpg 300w, http:\/\/neoclasicdanza.com\/wp-content\/uploads\/2021\/05\/IMG_6007-1-edited-1024x639.jpg 1024w, http:\/\/neoclasicdanza.com\/wp-content\/uploads\/2021\/05\/IMG_6007-1-edited-768x480.jpg 768w\" sizes=\"(max-width: 1166px) 100vw, 1166px\" \/><\/figure>\n\n<\/div><\/div>","protected":false},"excerpt":{"rendered":"<p>El objetivo de estas clases se centra en despertar el lenguaje del cuerpo en los m\u00e1s peque\u00f1os. El baile es una reacci\u00f3n innata en los ni\u00f1os y es una actividad que debemos fomentar porque es muy beneficiosa tanto desde el punto de vista f\u00edsico como ps\u00edquico. El baile es aprendizaje. La danza promueve la salud &#8230; <\/p>\n<p class=\"read-more-container\"><a title=\"INICIACI\u00d3N A LA DANZA\" class=\"read-more button\" href=\"http:\/\/neoclasicdanza.com\/index.php\/iniciacion-a-la-danza\/#more-443\">Leer m\u00e1s<span class=\"screen-reader-text\">INICIACI\u00d3N A LA DANZA<\/span><\/a><\/p>\n","protected":false},"author":1,"featured_media":0,"parent":0,"menu_order":0,"comment_status":"closed","ping_status":"closed","template":"","meta":{"footnotes":""},"class_list":["post-443","page","type-page","status-publish"],"yoast_head":"<!-- This site is optimized with the Yoast SEO plugin v27.5 - https:\/\/yoast.com\/product\/yoast-seo-wordpress\/ -->\n<title>INICIACI\u00d3N A LA DANZA - NEOCLASIC DANZA<\/title>\n<meta name=\"robots\" content=\"index, follow, max-snippet:-1, max-image-preview:large, max-video-preview:-1\" \/>\n<link rel=\"canonical\" href=\"http:\/\/neoclasicdanza.com\/index.php\/iniciacion-a-la-danza\/\" \/>\n<meta property=\"og:locale\" content=\"es_ES\" \/>\n<meta property=\"og:type\" content=\"article\" \/>\n<meta property=\"og:title\" content=\"INICIACI\u00d3N A LA DANZA - NEOCLASIC DANZA\" \/>\n<meta property=\"og:description\" content=\"El objetivo de estas clases se centra en despertar el lenguaje del cuerpo en los m\u00e1s peque\u00f1os. El baile es una reacci\u00f3n innata en los ni\u00f1os y es una actividad que debemos fomentar porque es muy beneficiosa tanto desde el punto de vista f\u00edsico como ps\u00edquico. El baile es aprendizaje. La danza promueve la salud ... Leer m\u00e1sINICIACI\u00d3N A LA DANZA\" \/>\n<meta property=\"og:url\" content=\"http:\/\/neoclasicdanza.com\/index.php\/iniciacion-a-la-danza\/\" \/>\n<meta property=\"og:site_name\" content=\"NEOCLASIC DANZA\" \/>\n<meta property=\"article:modified_time\" content=\"2022-07-14T19:37:17+00:00\" \/>\n<meta property=\"og:image\" content=\"http:\/\/neoclasicdanza.com\/wp-content\/uploads\/2021\/05\/IMG_6007-1-edited.jpg\" \/>\n<meta name=\"twitter:card\" content=\"summary_large_image\" \/>\n<meta name=\"twitter:label1\" content=\"Tiempo de lectura\" \/>\n\t<meta name=\"twitter:data1\" content=\"1 minuto\" \/>\n<script type=\"application\/ld+json\" class=\"yoast-schema-graph\">{\"@context\":\"https:\\\/\\\/schema.org\",\"@graph\":[{\"@type\":\"WebPage\",\"@id\":\"http:\\\/\\\/neoclasicdanza.com\\\/index.php\\\/iniciacion-a-la-danza\\\/\",\"url\":\"http:\\\/\\\/neoclasicdanza.com\\\/index.php\\\/iniciacion-a-la-danza\\\/\",\"name\":\"INICIACI\u00d3N A LA DANZA - NEOCLASIC DANZA\",\"isPartOf\":{\"@id\":\"http:\\\/\\\/neoclasicdanza.com\\\/#website\"},\"primaryImageOfPage\":{\"@id\":\"http:\\\/\\\/neoclasicdanza.com\\\/index.php\\\/iniciacion-a-la-danza\\\/#primaryimage\"},\"image\":{\"@id\":\"http:\\\/\\\/neoclasicdanza.com\\\/index.php\\\/iniciacion-a-la-danza\\\/#primaryimage\"},\"thumbnailUrl\":\"http:\\\/\\\/neoclasicdanza.com\\\/wp-content\\\/uploads\\\/2021\\\/05\\\/IMG_6007-1-edited.jpg\",\"datePublished\":\"2021-05-14T11:50:20+00:00\",\"dateModified\":\"2022-07-14T19:37:17+00:00\",\"breadcrumb\":{\"@id\":\"http:\\\/\\\/neoclasicdanza.com\\\/index.php\\\/iniciacion-a-la-danza\\\/#breadcrumb\"},\"inLanguage\":\"es\",\"potentialAction\":[{\"@type\":\"ReadAction\",\"target\":[\"http:\\\/\\\/neoclasicdanza.com\\\/index.php\\\/iniciacion-a-la-danza\\\/\"]}]},{\"@type\":\"ImageObject\",\"inLanguage\":\"es\",\"@id\":\"http:\\\/\\\/neoclasicdanza.com\\\/index.php\\\/iniciacion-a-la-danza\\\/#primaryimage\",\"url\":\"http:\\\/\\\/neoclasicdanza.com\\\/wp-content\\\/uploads\\\/2021\\\/05\\\/IMG_6007-1-edited.jpg\",\"contentUrl\":\"http:\\\/\\\/neoclasicdanza.com\\\/wp-content\\\/uploads\\\/2021\\\/05\\\/IMG_6007-1-edited.jpg\",\"width\":1166,\"height\":728},{\"@type\":\"BreadcrumbList\",\"@id\":\"http:\\\/\\\/neoclasicdanza.com\\\/index.php\\\/iniciacion-a-la-danza\\\/#breadcrumb\",\"itemListElement\":[{\"@type\":\"ListItem\",\"position\":1,\"name\":\"Portada\",\"item\":\"http:\\\/\\\/neoclasicdanza.com\\\/\"},{\"@type\":\"ListItem\",\"position\":2,\"name\":\"INICIACI\u00d3N A LA DANZA\"}]},{\"@type\":\"WebSite\",\"@id\":\"http:\\\/\\\/neoclasicdanza.com\\\/#website\",\"url\":\"http:\\\/\\\/neoclasicdanza.com\\\/\",\"name\":\"NEOCLASIC DANZA\",\"description\":\"Desde 1992\",\"publisher\":{\"@id\":\"http:\\\/\\\/neoclasicdanza.com\\\/#organization\"},\"potentialAction\":[{\"@type\":\"SearchAction\",\"target\":{\"@type\":\"EntryPoint\",\"urlTemplate\":\"http:\\\/\\\/neoclasicdanza.com\\\/?s={search_term_string}\"},\"query-input\":{\"@type\":\"PropertyValueSpecification\",\"valueRequired\":true,\"valueName\":\"search_term_string\"}}],\"inLanguage\":\"es\"},{\"@type\":\"Organization\",\"@id\":\"http:\\\/\\\/neoclasicdanza.com\\\/#organization\",\"name\":\"NEOCLASIC DANZA\",\"url\":\"http:\\\/\\\/neoclasicdanza.com\\\/\",\"logo\":{\"@type\":\"ImageObject\",\"inLanguage\":\"es\",\"@id\":\"http:\\\/\\\/neoclasicdanza.com\\\/#\\\/schema\\\/logo\\\/image\\\/\",\"url\":\"http:\\\/\\\/neoclasicdanza.com\\\/wp-content\\\/uploads\\\/2021\\\/07\\\/cropped-neoclasic_2021_1-scaled-1.jpg\",\"contentUrl\":\"http:\\\/\\\/neoclasicdanza.com\\\/wp-content\\\/uploads\\\/2021\\\/07\\\/cropped-neoclasic_2021_1-scaled-1.jpg\",\"width\":1803,\"height\":2041,\"caption\":\"NEOCLASIC DANZA\"},\"image\":{\"@id\":\"http:\\\/\\\/neoclasicdanza.com\\\/#\\\/schema\\\/logo\\\/image\\\/\"}}]}<\/script>\n<!-- \/ Yoast SEO plugin. -->","yoast_head_json":{"title":"INICIACI\u00d3N A LA DANZA - NEOCLASIC DANZA","robots":{"index":"index","follow":"follow","max-snippet":"max-snippet:-1","max-image-preview":"max-image-preview:large","max-video-preview":"max-video-preview:-1"},"canonical":"http:\/\/neoclasicdanza.com\/index.php\/iniciacion-a-la-danza\/","og_locale":"es_ES","og_type":"article","og_title":"INICIACI\u00d3N A LA DANZA - NEOCLASIC DANZA","og_description":"El objetivo de estas clases se centra en despertar el lenguaje del cuerpo en los m\u00e1s peque\u00f1os. El baile es una reacci\u00f3n innata en los ni\u00f1os y es una actividad que debemos fomentar porque es muy beneficiosa tanto desde el punto de vista f\u00edsico como ps\u00edquico. El baile es aprendizaje. La danza promueve la salud ... Leer m\u00e1sINICIACI\u00d3N A LA DANZA","og_url":"http:\/\/neoclasicdanza.com\/index.php\/iniciacion-a-la-danza\/","og_site_name":"NEOCLASIC DANZA","article_modified_time":"2022-07-14T19:37:17+00:00","og_image":[{"url":"http:\/\/neoclasicdanza.com\/wp-content\/uploads\/2021\/05\/IMG_6007-1-edited.jpg","type":"","width":"","height":""}],"twitter_card":"summary_large_image","twitter_misc":{"Tiempo de lectura":"1 minuto"},"schema":{"@context":"https:\/\/schema.org","@graph":[{"@type":"WebPage","@id":"http:\/\/neoclasicdanza.com\/index.php\/iniciacion-a-la-danza\/","url":"http:\/\/neoclasicdanza.com\/index.php\/iniciacion-a-la-danza\/","name":"INICIACI\u00d3N A LA DANZA - NEOCLASIC DANZA","isPartOf":{"@id":"http:\/\/neoclasicdanza.com\/#website"},"primaryImageOfPage":{"@id":"http:\/\/neoclasicdanza.com\/index.php\/iniciacion-a-la-danza\/#primaryimage"},"image":{"@id":"http:\/\/neoclasicdanza.com\/index.php\/iniciacion-a-la-danza\/#primaryimage"},"thumbnailUrl":"http:\/\/neoclasicdanza.com\/wp-content\/uploads\/2021\/05\/IMG_6007-1-edited.jpg","datePublished":"2021-05-14T11:50:20+00:00","dateModified":"2022-07-14T19:37:17+00:00","breadcrumb":{"@id":"http:\/\/neoclasicdanza.com\/index.php\/iniciacion-a-la-danza\/#breadcrumb"},"inLanguage":"es","potentialAction":[{"@type":"ReadAction","target":["http:\/\/neoclasicdanza.com\/index.php\/iniciacion-a-la-danza\/"]}]},{"@type":"ImageObject","inLanguage":"es","@id":"http:\/\/neoclasicdanza.com\/index.php\/iniciacion-a-la-danza\/#primaryimage","url":"http:\/\/neoclasicdanza.com\/wp-content\/uploads\/2021\/05\/IMG_6007-1-edited.jpg","contentUrl":"http:\/\/neoclasicdanza.com\/wp-content\/uploads\/2021\/05\/IMG_6007-1-edited.jpg","width":1166,"height":728},{"@type":"BreadcrumbList","@id":"http:\/\/neoclasicdanza.com\/index.php\/iniciacion-a-la-danza\/#breadcrumb","itemListElement":[{"@type":"ListItem","position":1,"name":"Portada","item":"http:\/\/neoclasicdanza.com\/"},{"@type":"ListItem","position":2,"name":"INICIACI\u00d3N A LA DANZA"}]},{"@type":"WebSite","@id":"http:\/\/neoclasicdanza.com\/#website","url":"http:\/\/neoclasicdanza.com\/","name":"NEOCLASIC DANZA","description":"Desde 1992","publisher":{"@id":"http:\/\/neoclasicdanza.com\/#organization"},"potentialAction":[{"@type":"SearchAction","target":{"@type":"EntryPoint","urlTemplate":"http:\/\/neoclasicdanza.com\/?s={search_term_string}"},"query-input":{"@type":"PropertyValueSpecification","valueRequired":true,"valueName":"search_term_string"}}],"inLanguage":"es"},{"@type":"Organization","@id":"http:\/\/neoclasicdanza.com\/#organization","name":"NEOCLASIC DANZA","url":"http:\/\/neoclasicdanza.com\/","logo":{"@type":"ImageObject","inLanguage":"es","@id":"http:\/\/neoclasicdanza.com\/#\/schema\/logo\/image\/","url":"http:\/\/neoclasicdanza.com\/wp-content\/uploads\/2021\/07\/cropped-neoclasic_2021_1-scaled-1.jpg","contentUrl":"http:\/\/neoclasicdanza.com\/wp-content\/uploads\/2021\/07\/cropped-neoclasic_2021_1-scaled-1.jpg","width":1803,"height":2041,"caption":"NEOCLASIC DANZA"},"image":{"@id":"http:\/\/neoclasicdanza.com\/#\/schema\/logo\/image\/"}}]}},"_links":{"self":[{"href":"http:\/\/neoclasicdanza.com\/index.php\/wp-json\/wp\/v2\/pages\/443","targetHints":{"allow":["GET"]}}],"collection":[{"href":"http:\/\/neoclasicdanza.com\/index.php\/wp-json\/wp\/v2\/pages"}],"about":[{"href":"http:\/\/neoclasicdanza.com\/index.php\/wp-json\/wp\/v2\/types\/page"}],"author":[{"embeddable":true,"href":"http:\/\/neoclasicdanza.com\/index.php\/wp-json\/wp\/v2\/users\/1"}],"replies":[{"embeddable":true,"href":"http:\/\/neoclasicdanza.com\/index.php\/wp-json\/wp\/v2\/comments?post=443"}],"version-history":[{"count":16,"href":"http:\/\/neoclasicdanza.com\/index.php\/wp-json\/wp\/v2\/pages\/443\/revisions"}],"predecessor-version":[{"id":1360,"href":"http:\/\/neoclasicdanza.com\/index.php\/wp-json\/wp\/v2\/pages\/443\/revisions\/1360"}],"wp:attachment":[{"href":"http:\/\/neoclasicdanza.com\/index.php\/wp-json\/wp\/v2\/media?parent=443"}],"curies":[{"name":"wp","href":"https:\/\/api.w.org\/{rel}","templated":true}]}}